.
5, 686843
What are the prime factors of 2584994?
2, 67, 101, 191
List the prime factors of 931945.
5, 7, 26627
What are the prime factors of 28391516?
2, 41, 233, 743
List the prime factors of 507634.
2, 53, 4789
List the prime factors of 11674181.
137, 85213
List the prime factors of 377359.
19, 19861
What are the prime factors of 17097486?
2, 3, 7, 407083
List the prime factors of 393994.
2, 29, 6793
List the prime factors of 520546.
2, 13, 20021
List the prime factors of 64693.
64693
List the prime factors of 673329.
3, 224443
What are the prime factors of 197967?
3, 7, 11, 857
What are the prime factors of 5375704?
2, 761, 883
What are the prime factors of 421323?
3, 7, 20063
List the prime factors of 543598.
2, 11, 24709
List the prime factors of 7403763.
3, 2467921
What are the prime factors of 805413?
3, 7, 5479
What are the prime factors of 1057974?
2, 3, 176329
List the prime factors of 318003.
3, 7, 19, 797
What are the prime factors of 7417551?
3, 2472517
List the prime factors of 81800.
2, 5, 409
What are the prime factors of 20152?
2, 11, 229
List the prime factors of 3370002.
2, 3, 561667
List the prime factors of 3580270.
2, 5, 97, 3691
What are the prime factors of 86573?
86573
List the prime factors of 7733824.
2, 7, 61, 283
What are the prime factors of 229041?
3, 17, 499
List the prime factors of 18207779.
53, 343543
What are the prime factors of 5298759?
3, 397, 1483
What are the prime factors of 1020689?
1020689
What are the prime factors of 11544044?
2, 2886011
What are the prime factors of 190909?
190909
List the prime factors of 108077.
23, 37, 127
What are the prime factors of 509390?
2, 5, 7, 19, 383
List the prime factors of 1086631.
7, 13, 11941
List the prime factors of 1335701.
59, 22639
What are the prime factors of 146189?
29, 71
List the prime factors of 188930.
2, 5, 7, 2699
List the prime factors of 26273457.
3, 7, 2837
List the prime factors of 2002575.
3, 5, 26701
List the prime factors of 240539.
13, 18503
List the prime factors of 265557.
3, 17, 41, 127
List the prime factors of 29724215.
5, 67, 88729
What are the prime factors of 1471788?
2, 3, 40883
What are the prime factors of 1098805?
5, 219761
What are the prime factors of 4177003?
239, 17477
What are the prime factors of 16268877?
3, 602551
List the prime factors of 1480031.
7, 211433
What are the prime factors of 2619764?
2, 7, 93563
List the prime factors of 391242.
2, 3, 197, 331
List the prime factors of 2796940.
2, 5, 109, 1283
What are the prime factors of 13280643?
3, 137, 10771
List the prime factors of 36850999.
36850999
What are the prime factors of 12125978?
2, 6062989
List the prime factors of 415003.
223, 1861
What are the prime factors of 29209963?
499, 58537
List the prime factors of 241401.
3, 67, 1201
What are the prime factors of 2621779?
2621779
What are the prime factors of 8976229?
8976229
List the prime factors of 572689.
13, 44053
What are the prime factors of 1115540?
2, 5, 17, 193
List the prime factors of 5309745.
3, 5, 7, 61, 829
List the prime factors of 3366232.
2, 420779
List the prime factors of 10525779.
3, 11, 106321
What are the prime factors of 461605?
5, 19, 43, 113
What are the prime factors of 73078?
2, 61, 599
What are the prime factors of 4598739?
3, 523, 977
List the prime factors of 1127044.
2, 281761
What are the prime factors of 2091301?
2091301
List the prime factors of 5063950.
2, 5, 101279
List the prime factors of 1889814.
2, 3, 29, 10861
List the prime factors of 23939320.
2, 5, 23, 26021
List the prime factors of 3595852.
2, 13, 69151
List the prime factors of 941306.
2, 470653
List the prime factors of 1031084.
2, 17, 59, 257
What are the prime factors of 171271?
171271
What are the prime factors of 9469389?
3, 3156463
List the prime factors of 8332031.
359, 23209
List the prime factors of 441958.
2, 11, 20089
List the prime factors of 12000926.
2, 7, 137, 6257
List the prime factors of 1930009.
97, 101, 197
What are the prime factors of 251070?
2, 3, 5, 8369
List the prime factors of 4821669.
3, 535741
What are the prime factors of 1915339?
17, 61, 1847
What are the prime factors of 11538146?
2, 5769073
List the prime factors of 2289747.
3, 17, 19, 139
List the prime factors of 16887520.
2, 5, 13, 23, 353
What are the prime factors of 2044537?
11, 61, 277
List the prime factors of 937396.
2, 29, 8081
What are the prime factors of 519999?
3, 29, 43, 139
What are the prime factors of 498040?
2, 5, 12451
What are the prime factors of 155404?
2, 38851
What are the prime factors of 603754?
2, 301877
What are the prime factors of 116152?
2, 14519
What are the prime factors of 279996?
2, 3, 23333
List the prime factors of 4776695.
5, 7, 11, 19, 653
What are the prime factors of 137223?
3, 79, 193
What are the prime factors of 667444?
2, 166861
What are the prime factors of 20477284?
2, 5119321
List the prime factors of 1492231.
13, 79, 1453
What are the prime factors of 14008152?
2, 3, 583673
List the prime factors of 301731.
3, 43, 2339
What are the prime factors of 563860?
2, 5, 11, 233
List the prime factors of 35647.
43, 829
List the prime factors of 530339.
530339
List the prime factors of 1652137.
1652137
List the prime factors of 81087.
3, 151, 179
What are the prime factors of 2808562?
2, 61, 23021
List the prime factors of 151374.
2, 3, 25229
List the prime factors of 6699909.
3, 2233303
What are the prime factors of 11222497?
11, 13, 78479
List the prime factors of 1936146.
2, 3, 523, 617
What are the prime factors of 524477?
71, 83, 89
What are the prime factors of 3219?
3, 29, 37
List the prime factors of 22431758.
2, 1237, 9067
List the prime factors of 215494.
2, 107747
What are the prime factors of 4803649?
4803649
What are the prime factors of 184590?
2, 3, 5, 7, 293
What are the prime factors of 1493361?
3, 73, 2273
List the prime factors of 2791598.
2, 29, 48131
List the prime factors of 246719.
11, 2039
List the prime factors of 174306.
2, 3, 11, 19, 139
List the prime factors of 823434.
2, 3, 137239
List the prime factors of 28343.
7, 4049
What are the prime factors of 1022810?
2, 5, 23, 4447
What are the prime factors of 19356011?
263, 73597
What are the prime factors of 1318719?
3, 439573
List the prime factors of 1295046.
2, 3, 71947
What are the prime factors of 582191?
293, 1987
What are the prime factors of 905611?
7, 53, 2441
What are the prime factors of 1034273?
1013, 1021
What are the prime factors of 1351283?
1351283
What are the prime factors of 955102?
2, 477551
What are the prime factors of 521746?
2, 260873
What are the prime factors of 933966?
2, 3, 11, 53, 89
What are the prime factors of 3672660?
2, 3, 5, 61211
What are the prime factors of 5718494?
2, 17, 79, 2129
List the prime factors of 3506327.
11, 23, 13859
What are the prime factors of 1289667?
3, 429889
List the prime factors of 2248262.
2, 1124131
List the prime factors of 2552280.
2, 3, 5, 21269
List the prime factors of 197246.
2, 7, 73, 193
List the prime factors of 1016371.
1016371
List the prime factors of 2960157.
3, 986719
List the prime factors of 8810748.
2, 3, 23, 3547
List the prime factors of 1111801.
1111801
List the prime factors of 331112.
2, 41389
What are the prime factors of 634249?
7, 11, 8237
List the prime factors of 1335626.
2, 37, 18049
What are the prime factors of 572557?
107, 5351
What are the prime factors of 2657284?
2, 7, 94903
What are the prime factors of 162857?
149, 1093
List the prime factors of 562288.
2, 113, 311
What are the prime factors of 1319190?
2, 3, 5, 43973
What are the prime factors of 1012123?
7, 144589
List the prime factors of 3272474.
2, 1636237
List the prime factors of 8988558.
2, 3, 19, 37, 2131
What are the prime factors of 8613146?
2, 757, 5689
What are the prime factors of 754472?
2, 94309
What are the prime factors of 127227?
3, 42409
What are the prime factors of 531323?
13, 23, 1777
What are the prime factors of 6880516?
2, 43, 109, 367
List the prime factors of 23660578.
2, 29, 43, 53, 179
List the prime factors of 1750661.
11, 167, 953
List the prime factors of 160572.
2, 3, 13381
List the prime factors of 1269678.
2, 3, 29, 7297
List the prime factors of 126864.
2, 3, 881
What are the prime factors of 1739121?
3, 579707
List the prime facto